{"id":1230,"date":"2018-10-20T11:11:44","date_gmt":"2018-10-20T09:11:44","guid":{"rendered":"https:\/\/pandiboo.de\/blog\/?product=giant-panda-tasche-mondy-bag"},"modified":"2025-01-18T14:06:28","modified_gmt":"2025-01-18T13:06:28","slug":"giant-panda-tasche-mondy-bag","status":"publish","type":"product","link":"https:\/\/pandiboo.de\/blog\/https:\/pandiboo.de\/blog\/shop\/giant-panda-tasche-mondy-bag\/","title":{"rendered":"Giant Panda Tasche &#8211; MONDY BAG"},"content":{"rendered":"<p>Die kleine Tasche ist ideal f\u00fcr unterwegs, f\u00fcr`s B\u00fcro, f\u00fcr die Schule, oder als Geschenkverpackung Stylisch, mit denen Sie dieses Jahr voll im Trend liegen. Ihr robustes Kunststoffmaterial macht sie zum praktischen und vielseitig einsetzbaren Accessoire f\u00fcr jung &amp; alt<br \/>Tasche aus PVC-freien Non Woven Material.<br \/>Die Taschen sind leicht und robust.<\/p>\n","protected":false},"excerpt":{"rendered":"<p>Mondy Tasche &#8211; Motiv Panda<br \/>B: 36 cm, H:25 cm T:15 cm<br \/>Wiederverwendbar und PVC Frei<br \/>Material Non Woven PU<\/p>\n","protected":false},"featured_media":1231,"comment_status":"open","ping_status":"closed","template":"","meta":{"_et_pb_use_builder":"","_et_pb_old_content":"","_et_gb_content_width":""},"product_brand":[],"product_cat":[139],"product_tag":[],"class_list":{"0":"post-1230","1":"product","2":"type-product","3":"status-publish","4":"has-post-thumbnail","6":"product_cat-mode-bekleidung-und-accessories","8":"first","9":"instock","10":"taxable","11":"shipping-taxable","12":"purchasable","13":"product-type-simple"},"_links":{"self":[{"href":"https:\/\/pandiboo.de\/blog\/wp-json\/wp\/v2\/product\/1230","targetHints":{"allow":["GET"]}}],"collection":[{"href":"https:\/\/pandiboo.de\/blog\/wp-json\/wp\/v2\/product"}],"about":[{"href":"https:\/\/pandiboo.de\/blog\/wp-json\/wp\/v2\/types\/product"}],"replies":[{"embeddable":true,"href":"https:\/\/pandiboo.de\/blog\/wp-json\/wp\/v2\/comments?post=1230"}],"wp:featuredmedia":[{"embeddable":true,"href":"https:\/\/pandiboo.de\/blog\/wp-json\/wp\/v2\/media\/1231"}],"wp:attachment":[{"href":"https:\/\/pandiboo.de\/blog\/wp-json\/wp\/v2\/media?parent=1230"}],"wp:term":[{"taxonomy":"product_brand","embeddable":true,"href":"https:\/\/pandiboo.de\/blog\/wp-json\/wp\/v2\/product_brand?post=1230"},{"taxonomy":"product_cat","embeddable":true,"href":"https:\/\/pandiboo.de\/blog\/wp-json\/wp\/v2\/product_cat?post=1230"},{"taxonomy":"product_tag","embeddable":true,"href":"https:\/\/pandiboo.de\/blog\/wp-json\/wp\/v2\/product_tag?post=1230"}],"curies":[{"name":"wp","href":"https:\/\/api.w.org\/{rel}","templated":true}]}}