{"id":1407,"date":"2023-11-28T19:17:35","date_gmt":"2023-11-28T18:17:35","guid":{"rendered":"https:\/\/pandiboo.de\/blog\/?product=entdecke-die-pandas"},"modified":"2025-01-18T12:01:37","modified_gmt":"2025-01-18T11:01:37","slug":"entdecke-die-pandas","status":"publish","type":"product","link":"https:\/\/pandiboo.de\/blog\/https:\/pandiboo.de\/blog\/shop\/entdecke-die-pandas\/","title":{"rendered":"Entdecke die Pandas"},"content":{"rendered":"<p><span style=\"font-size:12px\"><span style=\"font-family:Arial,Helvetica,sans-serif\"><span style=\"line-height:107%\"><b><span style=\"line-height:107%\">Entdecke die Pandas<\/span><\/b><\/span><\/p>\n<p><span style=\"line-height:normal\">Wohl kein anderes Tier genie\u00dft weltweit so viel Sympathie wie der kuschelig wirkende, gem\u00fctliche Panda. Kein Wunder, dass er als Symbol f\u00fcr Natur- und Artenschutz ausgew\u00e4hlt wurde, denn wer k\u00f6nnte seinem freundlichen Gesichtsausdruck schon widerstehen?<\/p>\n<p>Noch dazu gibt es unheimlich viel Interessantes und Spannendes \u00fcber diese faszinierenden B\u00e4ren zu berichten: beispielsweise \u00fcber ihre ganz besonderen Nahrungsvorlieben, \u00fcber die f\u00fcrsorgliche Aufzucht der anfangs winzigen Jungtiere oder dar\u00fcber, warum diese friedfertigen Tiere in der Natur Handstand an B\u00e4umen machen.<\/p>\n<p>In diesem neuen Band der \u201eEntdecke-Reihe\u201c erfahren neugierige Kinder alles rund um die wundersch\u00f6nen Pandas \u2013 von erstaunlichen Fakten ihrer Lebensweise bis hin zu ihrer Bedrohung, aber auch ihrem Schutz. Begleitet werden die jungen Leserinnen und Leser auf ihrer Reise von der cleveren Comic-Eule Xabi, die selbst komplizierte Zusammenh\u00e4nge kinderleicht erkl\u00e4rt. Und beim gro\u00dfen Panda-Quiz am Ende k\u00f6nnen die Kids mit viel Spa\u00df unter Beweis stellen, dass sie nun echte Panda-Experten geworden sind!<\/span><\/span><\/span><\/p>\n<p>\u00a0<b style=\"font-family: var(--wp--preset--font-family--system-font)\">Autor<\/b><span style=\"font-family: var(--wp--preset--font-family--system-font)\">\u00a0Dr. Eveline Dungl &amp; Kriton Kunz<\/span><\/p>\n<ul>\n<li><b>Umfang<\/b>\u00a064 Seiten<b>Format<\/b>\u00a028 x 20,7 cm<b>Einband<\/b>\u00a0Hardcover<b>Abbildungen<\/b>\u00a0zahlreiche Farbfotos<strong>Sprache<\/strong>: Deutsch<\/li>\n<p>In diesem neuen Band der \u201eEntdecke-Reihe\u201c erfahren neugierige Kinder alles rund um die wundersch\u00f6nen Pandas \u2013 von erstaunlichen Fakten ihrer Lebensweise bis hin zu ihrer Bedrohung, aber auch ihrem Schutz. Begleitet werden die jungen Leserinnen und Leser auf ihrer Reise von der cleveren Comic-Eule Xabi, die selbst komplizierte Zusammenh\u00e4nge kinderleicht erkl\u00e4rt. Und beim gro\u00dfen Panda-Quiz am Ende k\u00f6nnen die Kids mit viel Spa\u00df unter Beweis stellen, dass sie nun echte Panda-Experten geworden sind!\t<\/p>\n<p>\t<strong>Aus dem Inhalt:<\/strong><\/p>\n<li>Wo Pandas lebenBesonderheiten des Pandas<\/li>\n<p><span style=\"font-family: var(--wp--preset--font-family--system-font)\">Ein Raubtier, das nicht jagt<\/span><\/p>\n<li>\u201eVielfra\u00dfe\u201c und \u201eEnergiesparer\u201cAusgekl\u00fcgelte Verst\u00e4ndigungS\u00fc\u00dfe BabysWarum Pandas vom Aussterben bedroht sindWie Pandas gesch\u00fctzt werden<\/li>\n<li><strong>Extra:<\/strong>\u00a0Gro\u00dfes Panda-Quiz<\/li>\n<p><strong>\u00dcber die Autoren:<\/strong><\/ul>\n<p><strong>Dr. Eveline Dungl<\/strong>\u00a0ist im Tiergarten Sch\u00f6nbrunn in Wien, \u00d6sterreich, als Zoologische Abteilungsleiterin und Tiertrainerin f\u00fcr die Gro\u00dfen Pandas verantwortlich. Ihren Lieblingen hatte sie zuvor bereits ihre Doktorarbeit gewidmet und dabei Erstaunliches herausgefunden. Frau Professor Dr. Schratter, Zoodirektorin in Sch\u00f6nbrunn, sagt \u00fcber sie: \u201eSie wei\u00df einfach alles \u00fcber diese Tiere!\u201c Und dieses Wissen vermittelt sie besonders gerne Kindern.<br \/><strong>Kriton Kunz<\/strong>\u00a0ist Biologe sowie Wissenschaftsjournalist und hat die \u201eEntdecke-Reihe\u201c ins Leben gerufen, in der dieser Band \u00fcber Pandas erschienen ist. Die schwarzwei\u00dfen B\u00e4ren liebt er seit seiner Kindheit und hat f\u00fcr dieses Buch intensiv \u00fcber sie recherchiert. Sein Anliegen ist es, gerade Kindern die sympathischen Tiere n\u00e4herzubringen.<\/p>\n<p>Quelle: Text Verlag<\/p>\n","protected":false},"excerpt":{"rendered":"<ul>\n<li><b>Titel:\u00a0<\/b>Entdecke die Pandas<\/li>\n<li><b>Umfang:<\/b>\u00a064 Seiten,\u00a0<b>Format<\/b>\u00a028 x 20,7 cm,\u00a0Hardcover<\/li>\n<li><b>Abbildungen:<\/b>\u00a0zahlreiche Farbfotos<\/li>\n<li><strong>Extra<\/strong>: Panda Quiz<\/li>\n<p><\/ul>\n","protected":false},"featured_media":1408,"comment_status":"open","ping_status":"closed","template":"","meta":{"_et_pb_use_builder":"","_et_pb_old_content":"","_et_gb_content_width":""},"product_brand":[],"product_cat":[134],"product_tag":[],"class_list":{"0":"post-1407","1":"product","2":"type-product","3":"status-publish","4":"has-post-thumbnail","6":"product_cat-literatur-und-film","8":"first","9":"instock","10":"taxable","11":"shipping-taxable","12":"purchasable","13":"product-type-simple"},"_links":{"self":[{"href":"https:\/\/pandiboo.de\/blog\/wp-json\/wp\/v2\/product\/1407","targetHints":{"allow":["GET"]}}],"collection":[{"href":"https:\/\/pandiboo.de\/blog\/wp-json\/wp\/v2\/product"}],"about":[{"href":"https:\/\/pandiboo.de\/blog\/wp-json\/wp\/v2\/types\/product"}],"replies":[{"embeddable":true,"href":"https:\/\/pandiboo.de\/blog\/wp-json\/wp\/v2\/comments?post=1407"}],"wp:featuredmedia":[{"embeddable":true,"href":"https:\/\/pandiboo.de\/blog\/wp-json\/wp\/v2\/media\/1408"}],"wp:attachment":[{"href":"https:\/\/pandiboo.de\/blog\/wp-json\/wp\/v2\/media?parent=1407"}],"wp:term":[{"taxonomy":"product_brand","embeddable":true,"href":"https:\/\/pandiboo.de\/blog\/wp-json\/wp\/v2\/product_brand?post=1407"},{"taxonomy":"product_cat","embeddable":true,"href":"https:\/\/pandiboo.de\/blog\/wp-json\/wp\/v2\/product_cat?post=1407"},{"taxonomy":"product_tag","embeddable":true,"href":"https:\/\/pandiboo.de\/blog\/wp-json\/wp\/v2\/product_tag?post=1407"}],"curies":[{"name":"wp","href":"https:\/\/api.w.org\/{rel}","templated":true}]}}